{"id":3726,"date":"2013-04-01T13:52:02","date_gmt":"2013-04-01T11:52:02","guid":{"rendered":"http:\/\/juerghasler.ch\/public-new\/?page_id=3726"},"modified":"2019-10-20T13:25:07","modified_gmt":"2019-10-20T11:25:07","slug":"grasernte","status":"publish","type":"page","link":"https:\/\/juerghasler.ch\/public-new\/home\/lohnunternehmen\/grasernte\/","title":{"rendered":"Grasernte"},"content":{"rendered":"<div class=\"fusion-fullwidth fullwidth-box fusion-builder-row-1 hundred-percent-fullwidth non-hundred-percent-height-scrolling\"  style='background-color: rgba(255,255,255,0);background-position: center center;background-repeat: no-repeat;padding-top:0px;padding-right:0px;padding-bottom:0px;padding-left:0px;border-top-width:0px;border-bottom-width:0px;border-color:#eae9e9;border-top-style:solid;border-bottom-style:solid;'><div class=\"fusion-builder-row fusion-row \"><div  class=\"fusion-layout-column fusion_builder_column fusion_builder_column_1_1 fusion-builder-column-1 fusion-one-full fusion-column-first fusion-column-last fusion-column-no-min-height 1_1\"  style='margin-top:0px;margin-bottom:0px;'>\n\t\t\t\t\t<div class=\"fusion-column-wrapper\" style=\"background-position:left top;background-repeat:no-repeat;-webkit-background-size:cover;-moz-background-size:cover;-o-background-size:cover;background-size:cover;\"   data-bg-url=\"\">\n\t\t\t\t\t\t<style type=\"text\/css\"><\/style><div class=\"fusion-title title fusion-title-1 fusion-title-text fusion-title-size-two\" style=\"margin-top:0px;margin-bottom:31px;\"><h2 class=\"title-heading-left\" style=\"margin:0;\">Grasernte<\/h2><div class=\"title-sep-container\"><div class=\"title-sep sep-\" style=\"border-color:#e0dede;\"><\/div><\/div><\/div>\n<p>Bei der Grasernte unterst\u00fctzen wir Sie gerne mit folgenden Dienstleistungen:<\/p>\n<div class=\"fusion-clearfix\"><\/div>\n\n\t\t\t\t\t<\/div>\n\t\t\t\t<\/div><div  class=\"fusion-layout-column fusion_builder_column fusion_builder_column_1_1 fusion-builder-column-2 fusion-one-full fusion-column-first fusion-column-last fusion-column-no-min-height 1_1\"  style='margin-top:0px;margin-bottom:0px;'>\n\t\t\t\t\t<div class=\"fusion-column-wrapper\" style=\"background-position:left top;background-repeat:no-repeat;-webkit-background-size:cover;-moz-background-size:cover;-o-background-size:cover;background-size:cover;\"   data-bg-url=\"\">\n\t\t\t\t\t\t<ul class=\"fusion-checklist fusion-checklist-1\" style=\"font-size:14px;line-height:23.8px;\">\n\n<li class=\"fusion-li-item\"><span style=\"background-color:#9db668;font-size:12.32px;height:23.8px;width:23.8px;margin-right:9.8px;\" class=\"icon-wrapper circle-yes\"><i class=\"fusion-li-icon fa fa-check\" style=\"color:#ffffff;\"><\/i><\/span><div class=\"fusion-li-item-content\" style=\"margin-left:33.6px;\">Grasernte mit zwei Selbstfahrh\u00e4cksler, inkl. Einspr\u00fchung f\u00fcr Silagezus\u00e4tze<br \/>\nAbtransport mit Automatikwagen franko Silo<\/div><\/li>\n<li class=\"fusion-li-item\"><span style=\"background-color:#9db668;font-size:12.32px;height:23.8px;width:23.8px;margin-right:9.8px;\" class=\"icon-wrapper circle-yes\"><i class=\"fusion-li-icon fa fa-check\" style=\"color:#ffffff;\"><\/i><\/span><div class=\"fusion-li-item-content\" style=\"margin-left:33.6px;\">Gras m\u00e4hen mit Kreiselm\u00e4hwerk und schwaden mit Grossfl\u00e4chenschwader<\/div><\/li>\n<li class=\"fusion-li-item\"><span style=\"background-color:#9db668;font-size:12.32px;height:23.8px;width:23.8px;margin-right:9.8px;\" class=\"icon-wrapper circle-yes\"><i class=\"fusion-li-icon fa fa-check\" style=\"color:#ffffff;\"><\/i><\/span><div class=\"fusion-li-item-content\" style=\"margin-left:33.6px;\">Siloballen pressen und wickeln, Rund- und Quaderballen<\/div><\/li>\n<li class=\"fusion-li-item\"><span style=\"background-color:#9db668;font-size:12.32px;height:23.8px;width:23.8px;margin-right:9.8px;\" class=\"icon-wrapper circle-yes\"><i class=\"fusion-li-icon fa fa-check\" style=\"color:#ffffff;\"><\/i><\/span><div class=\"fusion-li-item-content\" style=\"margin-left:33.6px;\">Heuballen pressen Rund-, Quader- und Kleinballen<\/div><\/li>\n\n<\/ul>\n<p>&nbsp;<\/p>\n<div class=\"fusion-clearfix\"><\/div>\n\n\t\t\t\t\t<\/div>\n\t\t\t\t<\/div><div  class=\"fusion-layout-column fusion_builder_column fusion_builder_column_1_1 fusion-builder-column-3 fusion-one-full fusion-column-first fusion-column-last fusion-column-no-min-height 1_1\"  style='margin-top:0px;margin-bottom:0px;'>\n\t\t\t\t\t<div class=\"fusion-column-wrapper\" style=\"background-position:left top;background-repeat:no-repeat;-webkit-background-size:cover;-moz-background-size:cover;-o-background-size:cover;background-size:cover;\"   data-bg-url=\"\">\n\t\t\t\t\t\t<div class=\"fusion-alert alert general alert-info fusion-alert-center fusion-alert-capitalize alert-dismissable\" style=\"background-color:#ffffff;color:#808080;border-color:#808080;border-width:1px;\"><button type=\"button\" class=\"close toggle-alert\" data-dismiss=\"alert\" aria-hidden=\"true\">&times;<\/button><div class=\"fusion-alert-content-wrapper\"><span class=\"alert-icon\"><i class=\"fa-lg fa fa-info-circle\"><\/i><\/span><span class=\"fusion-alert-content\"><span style=\"color: #80ab00;\"><strong>Gesucht ab Feld: Heugras \/ Stroh \/ Mais<\/strong><\/span><\/span><\/div><\/div><div class=\"fusion-clearfix\"><\/div>\n\n\t\t\t\t\t<\/div>\n\t\t\t\t<\/div><\/div><\/div>\n","protected":false},"excerpt":{"rendered":"","protected":false},"author":2,"featured_media":0,"parent":3634,"menu_order":10,"comment_status":"closed","ping_status":"closed","template":"side-navigation.php","meta":{"ngg_post_thumbnail":0,"footnotes":""},"class_list":["post-3726","page","type-page","status-publish","hentry"],"yoast_head":"<!-- This site is optimized with the Yoast SEO plugin v15.5 - https:\/\/yoast.com\/wordpress\/plugins\/seo\/ -->\r\n<title>Grasernte - juerghasler.ch<\/title>\r\n<meta name=\"robots\" content=\"index, follow, max-snippet:-1, max-image-preview:large, max-video-preview:-1\" \/>\r\n<link rel=\"canonical\" href=\"http:\/\/juerghasler.ch\/public-new\/home\/lohnunternehmen\/grasernte\/\" \/>\r\n<meta property=\"og:locale\" content=\"de_DE\" \/>\r\n<meta property=\"og:type\" content=\"article\" \/>\r\n<meta property=\"og:title\" content=\"Grasernte - juerghasler.ch\" \/>\r\n<meta property=\"og:url\" content=\"http:\/\/juerghasler.ch\/public-new\/home\/lohnunternehmen\/grasernte\/\" \/>\r\n<meta property=\"og:site_name\" content=\"juerghasler.ch\" \/>\r\n<meta property=\"article:modified_time\" content=\"2019-10-20T11:25:07+00:00\" \/>\r\n<meta name=\"twitter:label1\" content=\"Gesch\u00e4tzte Lesezeit\">\n\t<meta name=\"twitter:data1\" content=\"1\u00a0Minute\">\r\n<script type=\"application\/ld+json\" class=\"yoast-schema-graph\">{\"@context\":\"https:\/\/schema.org\",\"@graph\":[{\"@type\":\"WebSite\",\"@id\":\"https:\/\/juerghasler.ch\/public-new\/#website\",\"url\":\"https:\/\/juerghasler.ch\/public-new\/\",\"name\":\"juerghasler.ch\",\"description\":\"Ihr Partner in der Landwirtschaft\",\"potentialAction\":[{\"@type\":\"SearchAction\",\"target\":\"https:\/\/juerghasler.ch\/public-new\/?s={search_term_string}\",\"query-input\":\"required name=search_term_string\"}],\"inLanguage\":\"de\"},{\"@type\":\"WebPage\",\"@id\":\"http:\/\/juerghasler.ch\/public-new\/home\/lohnunternehmen\/grasernte\/#webpage\",\"url\":\"http:\/\/juerghasler.ch\/public-new\/home\/lohnunternehmen\/grasernte\/\",\"name\":\"Grasernte - juerghasler.ch\",\"isPartOf\":{\"@id\":\"https:\/\/juerghasler.ch\/public-new\/#website\"},\"datePublished\":\"2013-04-01T11:52:02+00:00\",\"dateModified\":\"2019-10-20T11:25:07+00:00\",\"inLanguage\":\"de\",\"potentialAction\":[{\"@type\":\"ReadAction\",\"target\":[\"http:\/\/juerghasler.ch\/public-new\/home\/lohnunternehmen\/grasernte\/\"]}]}]}<\/script>\r\n<!-- \/ Yoast SEO plugin. -->","_links":{"self":[{"href":"https:\/\/juerghasler.ch\/public-new\/wp-json\/wp\/v2\/pages\/3726","targetHints":{"allow":["GET"]}}],"collection":[{"href":"https:\/\/juerghasler.ch\/public-new\/wp-json\/wp\/v2\/pages"}],"about":[{"href":"https:\/\/juerghasler.ch\/public-new\/wp-json\/wp\/v2\/types\/page"}],"author":[{"embeddable":true,"href":"https:\/\/juerghasler.ch\/public-new\/wp-json\/wp\/v2\/users\/2"}],"replies":[{"embeddable":true,"href":"https:\/\/juerghasler.ch\/public-new\/wp-json\/wp\/v2\/comments?post=3726"}],"version-history":[{"count":15,"href":"https:\/\/juerghasler.ch\/public-new\/wp-json\/wp\/v2\/pages\/3726\/revisions"}],"predecessor-version":[{"id":5380,"href":"https:\/\/juerghasler.ch\/public-new\/wp-json\/wp\/v2\/pages\/3726\/revisions\/5380"}],"up":[{"embeddable":true,"href":"https:\/\/juerghasler.ch\/public-new\/wp-json\/wp\/v2\/pages\/3634"}],"wp:attachment":[{"href":"https:\/\/juerghasler.ch\/public-new\/wp-json\/wp\/v2\/media?parent=3726"}],"curies":[{"name":"wp","href":"https:\/\/api.w.org\/{rel}","templated":true}]}}